4400?
2
What is the tens digit of 2788794023?
2
What is the hundreds digit of 36187453?
4
What is the billions digit of 3479902868?
3
What is the tens digit of 59044220?
2
What is the thousands digit of 1902502044?
2
What is the units digit of 230993336?
6
What is the ten thousands digit of 4640281547?
8
What is the ten thousands digit of 15814522?
1
What is the hundred millions digit of 5025583111?
0
What is the hundred thousands digit of 5700041138?
0
What is the thousands digit of 369751374?
1
What is the tens digit of 91577577?
7
What is the hundred millions digit of 187494483?
1
What is the units digit of 85249875?
5
What is the millions digit of 29034398?
9
What is the units digit of 1278937567?
7
What is the hundreds digit of 35440574?
5
What is the thousands digit of 52352?
2
What is the tens digit of 198373364?
6
What is the hundred thousands digit of 340745063?
7
What is the units digit of 2608705590?
0
What is the units digit of 4387587837?
7
What is the thousands digit of 167926725?
6
What is the hundreds digit of 493511447?
4
What is the hundreds digit of 548293066?
0
What is the hundred thousands digit of 69370253?
3
What is the ten thousands digit of 272861136?
6
What is the tens digit of 596960608?
0
What is the units digit of 149702560?
0
What is the thousands digit of 113216484?
6
What is the units digit of 414575743?
3
What is the ten millions digit of 430620127?
3
What is the millions digit of 50990637?
0
What is the ten thousands digit of 1286821935?
2
What is the millions digit of 12539318?
2
What is the thousands digit of 549368622?
8
What is the millions digit of 5317120?
5
What is the tens digit of 793798561?
6
What is the millions digit of 2225165477?
5
What is the hundreds digit of 36577415?
4
What is the units digit of 19397182?
2
What is the millions digit of 1352734980?
2
What is the millions digit of 4289063438?
9
What is the millions digit of 3228995528?
8
What is the ten thousands digit of 86095755?
9
What is the hundred thousands digit of 2823668872?
6
What is the millions digit of 1374861928?
4
What is the tens digit of 56764308?
0
What is the thousands digit of 1983134892?
4
What is the hundred thousands digit of 15140129?
1
What is the ten millions digit of 43528092?
4
What is the ten thousands digit of 3075238893?
3
What is the ten millions digit of 1589890445?
8
What is the hundreds digit of 44035811?
8
What is the ten thousands digit of 449630830?
3
What is the millions digit of 114326896?
4
What is the ten millions digit of 164232103?
6
What is the units digit of 14677169?
9
What is the hundred thousands digit of 1105604712?
6
What is the tens digit of 69777008?
0
What is the tens digit of 142907679?
7
What is the hundred millions digit of 261082589?
2
What is the hundreds digit of 422948664?
6
What is the billions digit of 2077254898?
2
What is the hundred thousands digit of 56708675?
7
What is the thousands digit of 37808011?
8
What is the hundreds digit of 1256624114?
1
What is the hundreds digit of 83370112?
1
What is the millions digit of 128431330?
8
What is the tens digit of 423163310?
1
What is the units digit of 96148802?
2
What is the thousands digit of 179270922?
0
What is the thousands digit of 364180545?
0
What is the millions digit of 125044599?
5
What is the hundred thousands digit of 4089298762?
2
What is the hundred thousands digit of 28699368?
6
What is the thousands digit of 3164266955?
6
What is the thousands digit of 2209056135?
6
What is the thousands digit of 2521616843?
6
What is the hundred millions digit of 268771385?
2
What is the hundreds digit of 1898246077?
0
What is the ten thousands digit of 675984276?
8
What is the hundred thousands digit of 3891071955?
0
What is the units digit of 1130023475?
5
What is the millions digit of 426354957?
6
What is the tens digit of 457869355?
5
What is the hundreds digit of 873297005?
0
What is the millions digit of 116233493?
6
What is the ten millions digit of 405505834?
0
What is the thousands digit of 70891861?
1
What is the hundred thousands digit of 93225534?
2
What is the hundred millions digit of 116028975?
1
What is the thousands digit of 1983560?
3
What is the millions digit of 107678368?
7
What is the billions digit of 3597381175?
3
What is the ten millions digit of 1408946941?
0
What is the hundred thousands digit of 312864673?
8
What is the thousands digit of 92479677?
9
What is the hundred thousands digit of 693348216?
3
What is the hundred thousands digit of 781398?
7
What is the hundreds digit of 1445254317?
3
What is the tens digit of 151772033?
3
What is the hundred millions digit of 266342205?
2
What is the hundreds digit of 220053017?
0
What is the ten millions digit of 1442070380?
4
What is the units digit of 1049844956?
6
What is the hundred millions digit of 2118328125?
1
What is the millions digit of 30637816?
0
What is the tens digit of 113610033?
3
What is the tens digit of 3962929023?
2
What is the ten thousands digit of 111892326?
9
What is the millions digit of 138334471?
8
What is the billions digit of 2952705291?
2
What is the millions digit of 1110732?
1
What is the ten thousands digit of 3136810795?
1
What is the tens digit of 35799928?
2
What is the ten millions digit of 183427979?
8
What is the ten millions digit of 554484904?
5
What is the hundred millions digit of 662476541?
6
What is the hundreds digit of 172936981?
9
What is the ten thousands digit of 3319728220?
2
What is the hundreds digit of 700923137?
1
What is the ten thousands digit of 1435917878?
1
What is the tens digit of 114058273?
7
What is the thousands digit of 1289256111?
6
What is the hundreds digit of 100492848?
8
What is the tens digit of 1488222506?
0
What is the millions digit of 38302266?
8
What is the thousands digit of 659665?
9
What is the tens digit of 45158259?
5
What is the hundred millions digit of 2203038732?
2
What is the thousands digit of 1943680664?
0
What is the hundred millions digit of 2648272897?
6
What is the hundred millions digit of 8020001989?
0
What is the ten millions digit of 6946960016?
4
What is the hundreds digit of 67541758?
7
What is the hundreds digit of 7604784891?
8
What is the hundred thousands digit of 20622140?
6
What is the ten millions digit of 40748989?
4
What is the millions digit of 44633022?
4
What is the hundred millions digit of 569440623?
5
What is the hundred thousands digit of 693987850?
9
What is the ten millions digit of 51117310?
5
What is the tens digit of 33880347?
4
What is the hundreds digit of 586282345?
3
What is the hundred thousands digit of 356828434?
8
What is the hundreds digit of 523890176?
1
What is the hundred thousands digit of 4415116223?
1
What is the units digit of 61894643?
3
What is the tens digit of 70803571?
7
What is the thousands digit of 15113668?
3
What is the millions digit of 56871905?
6
What is the millions digit of 2706780309?
6
What is the ten thousands digit of 3007077099?
7
What is the ten thousands digit of 691789889?
8
What is the hundreds digit of 1015212464?
4
What is the hundred thousands digit of 833342751?
3
What is the hundreds digit of 1313491621?
6
What is the billions digit of 5933817851?
5
What is the units digit of 74938589?
9
What is the ten millions digit of 599754114?
9
What is the ten thousands digit of 42861151?
6
What is the hundred millions digit of 1740261819?
7
What is the millions digit of 73800277?
3
What is the millions digit of 949601453?
9
What is the units digit of 547995561?
1
What is the thousands digit of 34151403?
1
What is the thousands digit of 260441680?
1
What is the ten thousands digit of 1594911580?
1
What is the units digit of 5125045?
5
What is the hundreds digit of 3740291223?
2
What is the millions digit of 4793174123?
3
What is the ten thousands digit of 791357220?
5
What is the hundred millions digit of 220638818?
2
What is the tens digit of 1267814644?
4
What is the millions digit of 33442573?
3
What is the tens digit of 84096524?
2
What is the units digit of 36102609?
9
What is the ten thousands digit of 222361202?
6
What is the millions digit of 3729157076?
9
What is the hundred thousands digit of 630981262?
9
What is the millions digit of 297931375?
7
What is the ten millions digit of 1606083907?
0
W